{"id":1507,"date":"2026-02-15T20:13:27","date_gmt":"2026-02-15T19:13:27","guid":{"rendered":"https:\/\/hcc-and-co.com\/?post_type=product&#038;p=1507"},"modified":"2026-02-15T20:14:05","modified_gmt":"2026-02-15T19:14:05","slug":"sebiaclear-ampoule-flash","status":"publish","type":"product","link":"https:\/\/hcc-and-co.com\/fr_fr\/product\/sebiaclear-ampoule-flash\/","title":{"rendered":"SEBIACLEAR Ampoule Flash"},"content":{"rendered":"<p><strong>FORMUL\u00c9 POUR<\/strong><br \/>\nToutes les peaux \u00e0 tendance acn\u00e9ique sensibilis\u00e9es. Imperfections, rougeurs, marques. D\u00e8s 10 ans.<br \/>\n\ud83d\udc9a<strong>UNE FORMULE D\u2019ORIGINE NATURELLE<\/strong><br \/>\n81% d\u2019ingr\u00e9dients d\u2019origine naturelle.<br \/>\n<strong>TEST\u00c9 SOUS CONTR\u00d4LE DERMATOLOGIQUE<\/strong><br \/>\nSur peaux sensibles. Non com\u00e9dog\u00e8ne.<\/p>\n<p><strong>AGITEZ AVANT USAGE<\/strong><br \/>\n<strong>APPLIQUEZ MATIN ET SOIR<\/strong><br \/>\nSur l\u2019ensemble du visage propre et sec.<br \/>\n<strong>SEUL OU EN COMPL\u00c9MENT<\/strong><br \/>\nDe votre soin quotidien.<br \/>\nNe pas avaler.<br \/>\nTenir hors de port\u00e9e des enfants.<br \/>\nNe pas stocker \u00e0 une temp\u00e9rature sup\u00e9rieure \u00e0 30\u00b0C.<\/p>\n<p>\u267b\ufe0f<strong>RECYCLABILIT\u00c9 ET TRI<\/strong><br \/>\nPack en verre recyclable. Qualit\u00e9s et caract\u00e9ristiques environnementales : emballage enti\u00e8rement recyclable.<\/p>\n<p>&nbsp;<\/p>\n","protected":false},"excerpt":{"rendered":"<p>Concentr\u00e9 anti-imperfections et anti-rougeurs formul\u00e9 pour les peaux \u00e0 tendance acn\u00e9ique sensibles. Enrichi avec 15% d\u2019acide az\u00e9la\u00efque, Sebiaclear Ampoule Flash calme instantan\u00e9ment la peau tout en r\u00e9duisant visiblement les imperfections en seulement 8 heures<sup>1<\/sup>. Combat efficacement com\u00e9dons, points noirs, pores dilat\u00e9s, rougeurs et marques pour une peau visiblement apais\u00e9e.<\/p>\n","protected":false},"featured_media":1483,"comment_status":"open","ping_status":"closed","template":"","meta":{"_joinchat":[]},"product_brand":[],"product_cat":[90,128],"product_tag":[],"class_list":{"0":"post-1507","1":"product","2":"type-product","3":"status-publish","4":"has-post-thumbnail","6":"product_cat-espace-beaute-cosmetiques","7":"product_cat-s-v-r","9":"first","10":"instock","11":"sale","12":"shipping-taxable","13":"purchasable","14":"product-type-simple"},"_links":{"self":[{"href":"https:\/\/hcc-and-co.com\/fr_fr\/wp-json\/wp\/v2\/product\/1507","targetHints":{"allow":["GET"]}}],"collection":[{"href":"https:\/\/hcc-and-co.com\/fr_fr\/wp-json\/wp\/v2\/product"}],"about":[{"href":"https:\/\/hcc-and-co.com\/fr_fr\/wp-json\/wp\/v2\/types\/product"}],"replies":[{"embeddable":true,"href":"https:\/\/hcc-and-co.com\/fr_fr\/wp-json\/wp\/v2\/comments?post=1507"}],"wp:featuredmedia":[{"embeddable":true,"href":"https:\/\/hcc-and-co.com\/fr_fr\/wp-json\/wp\/v2\/media\/1483"}],"wp:attachment":[{"href":"https:\/\/hcc-and-co.com\/fr_fr\/wp-json\/wp\/v2\/media?parent=1507"}],"wp:term":[{"taxonomy":"product_brand","embeddable":true,"href":"https:\/\/hcc-and-co.com\/fr_fr\/wp-json\/wp\/v2\/product_brand?post=1507"},{"taxonomy":"product_cat","embeddable":true,"href":"https:\/\/hcc-and-co.com\/fr_fr\/wp-json\/wp\/v2\/product_cat?post=1507"},{"taxonomy":"product_tag","embeddable":true,"href":"https:\/\/hcc-and-co.com\/fr_fr\/wp-json\/wp\/v2\/product_tag?post=1507"}],"curies":[{"name":"wp","href":"https:\/\/api.w.org\/{rel}","templated":true}]}}

<p><strong>FORMULÉ POUR</strong><br />
Toutes les peaux à tendance acnéique sensibilisées. Imperfections, rougeurs, marques. Dès 10 ans.<br />
💚<strong>UNE FORMULE D’ORIGINE NATURELLE</strong><br />
81% d’ingrédients d’origine naturelle.<br />
<strong>TESTÉ SOUS CONTRÔLE DERMATOLOGIQUE</strong><br />
Sur peaux sensibles. Non comédogène.</p>
<p><strong>AGITEZ AVANT USAGE</strong><br />
<strong>APPLIQUEZ MATIN ET SOIR</strong><br />
Sur l’ensemble du visage propre et sec.<br />
<strong>SEUL OU EN COMPLÉMENT</strong><br />
De votre soin quotidien.<br />
Ne pas avaler.<br />
Tenir hors de portée des enfants.<br />
Ne pas stocker à une température supérieure à 30°C.</p>
<p>♻️<strong>RECYCLABILITÉ ET TRI</strong><br />
Pack en verre recyclable. Qualités et caractéristiques environnementales : emballage entièrement recyclable.</p>
<p>&nbsp;</p>

<p>Concentré anti-imperfections et anti-rougeurs formulé pour les peaux à tendance acnéique sensibles. Enrichi avec 15% d’acide azélaïque, Sebiaclear Ampoule Flash calme instantanément la peau tout en réduisant visiblement les imperfections en seulement 8 heures<sup>1</sup>. Combat efficacement comédons, points noirs, pores dilatés, rougeurs et marques pour une peau visiblement apaisée.</p>
